)/18 + 1. Suppose 0 = -8*k + n*k + 78. Calculate the remainder when k is divided by 5.
3
Let t = -31468 - -34117. Calculate the remainder when t is divided by 29.
10
Let n(q) = 119*q**2 - 148*q + 736. Calculate the remainder when n(5) is divided by 6.
1
Suppose 5*a - 19 = 1. Let k = 3909 - 3907. Suppose -a*r = 2*m - 92, 0 = 5*r + k*m - 151 + 38. What is the remainder when 104 is divided by r?
20
Suppose 435*z - 1656 = 363*z. What is the remainder when 93 is divided by z?
1
What is the remainder when (-6730)/(-22) - (-18)/198 is divided by 77?
75
Suppose -44*o = 63 - 151. Let m(f) = 10 - 7*f + 5*f - 3. What is the remainder when m(0) is divided by o?
1
Suppose -500 = d + 9*d. Calculate the remainder when 43 is divided by 292/20 + (-20)/d.
13
Suppose 69*a + 6182 = 40*a + 40*a. Calculate the remainder when a is divided by 24.
10
Suppose -5*w - r + 11 = -3, 6 = 3*w + 3*r. Suppose 0 = 8*y + m - 6*m - 2099, w*y + 5*m = 794. Calculate the remainder when y is divided by 4.
3
Suppose 4*t + j - 5*j = 52, 0 = 3*j + 9. Suppose 2*d = 2, 2*a + 0*d = 4*d - t. Let o(r) = -r + 14. Calculate the remainder when 31 is divided by o(a).
14
Suppose 4*p = y + 114, 7*p - 8*p - 5*y + 18 = 0. What is the remainder when 1/(-7 - 4590/(-655)) is divided by p?
19
Let o(v) be the third derivative of 5*v**4/8 + 34*v**3/3 + 47*v**2. What is the remainder when 63 is divided by o(-4)?
7
Suppose -2*x = -d - 240, 350 = -29*x + 32*x - 4*d. Calculate the remainder when 386 is divided by x.
20
What is the remainder when 223/((-2)/(-9) + (-1258)/153 + 9) is divided by 15?
13
Let u = 78 - -9. Let y = 144983 + -144934. Calculate the remainder when u is divided by y.
38
Calculate the remainder when 2103 is divided by 273/(-63)*(-2 - 3 - (-19 - -17)).
10
Let s = 76 + -76. Suppose 3*j + s = 33. Suppose v - 4*v + 192 = 0. What is the remainder when v is divided by j?
9
Suppose -120525 - 238227 = -202*q. Calculate the remainder when q is divided by 28.
12
Let c = 334 + -333. Suppose 2*p - 54 + 156 = 0. Let t = 54 + p. What is the remainder when t is divided by c?
0
Let i(m) = -m**2 + 11*m. Suppose -80 = -39*g + 31*g. Suppose 3*y = -5*f + 714, -2*f + f = 5*y - 1190. Calculate the remainder when y is divided by i(g).
8
Let u = -60 - -110. Let n(k) = 8*k**2 + 12*k + 3. Let j(b) = -9*b**2 - 12*b - 3. Let r(a) = 5*j(a) + 6*n(a). What is the remainder when u is divided by r(-5)?
14
Suppose t - 66 = -130. Let u = -62 - t. Suppose -6 = -u*i, 3*n = 3*i - i + 291. What is the remainder when n is divided by 34?
31
Let m = -148 - -142. What is the remainder when m - (5 + -10) - -161 is divided by 55?
50
Suppose 4*c + 0*x = x + 52, -3*x + 40 = 2*c. Suppose -c*l = -10*l - 24. What is the remainder when (-4)/l*3 + 58 - 3 is divided by 19?
15
Let m = -7 + -39. Let i = m + 87. Let g = i - -15. What is the remainder when g is divided by 21?
14
Let t(y) = 73*y + 198. Calculate the remainder when 2748 is divided by t(-1).
123
Let d(z) = 2*z + 18. Let u be d(-4). Suppose -3*y - 15 = 0, 4*y + 6 = -2*f - u. Calculate the remainder when 38*f/8*4 is divided by 10.
8
Let s be ((-7)/((-21)/74))/(1/3). Suppose -2*z + 2*v + s = -0*z, 0 = z - 4*v - 43. Let t = -17 + z. What is the remainder when 34 is divided by t?
16
Let l(f) = 2*f**3 - 16*f**2 + 18*f - 71. Calculate the remainder when 3429 is divided by l(8).
71
Suppose 0 = 3*g - 5*j - 61, -g + 3*j = -j - 25. Suppose -19*c = -g*c - 68. Let m(v) = 32*v + 3. What is the remainder when m(2) is divided by c?
33
Suppose -51*t + 47*t + 32 = 0. Suppose 7*r + 20 = t*r. What is the remainder when 299 is divided by r?
19
Suppose -8*z - 9638 + 11590 = 0. Calculate the remainder when 1218 is divided by z.
242
Let p = 182 - 103. Let a be 111/14 - (-11)/154. Suppose -290 = -21*o - a*o. What is the remainder when p is divided by o?
9
Suppose -r = -12 + 36. Let k(a) = a**3 - 9*a**2 + 8*a + 1. Let u be k(7). Let y = r - u. What is the remainder when y is divided by 10?
7
Let t = 504 + -509. What is the remainder when 212 is divided by -3 + t + 54 + -2?
36
Let j = -179 + 36. Let g = -136 - j. What is the remainder when 1*(2 - (-48)/2) is divided by g?
5
Let m(u) = 4*u - 10. Let b be m(0). Let y(q) = 46*q + 5. What is the remainder when y(4) is divided by ((-24)/b)/((-6)/(-80))?
29
Calculate the remainder when 475 is divided by (11/(-2) - (-6 + 12 - 5))*-2.
7
Suppose 10*y - 410 = 6*y - 5*v, 5*y + 2*v = 504. Suppose -19*g - 24 + y = 0. What is the remainder when 11 is divided by g?
3
Calculate the remainder when 98 is divided by -6 + (42/(13 - 6) - -8).
2
Let m be (-2 - -2 - 0/1)/2. Suppose m = -k + 2*k + 21. Let f = 41 + k. Calculate the remainder when 38 is divided by f.
18
Let n(r) = 21*r**2 - 4*r + 10. Let t be n(3). Suppose -3*d + 6*d = 5*k - t, -k + 27 = 2*d. What is the remainder when 85 is divided by k?
15
Let x = -753 + 739. What is the remainder when 77 is divided by (-6 - x)*15/12?
7
Suppose -113*p - 386 = -117*p - 2*h, p + h = 97. Calculate the remainder when 5081 is divided by p.
89
Let f = -150 + 165. Suppose 7 - 2 = b + 3*j, 2*b - 9 = -5*j. Suppose -10 = -2*m - 4, -b*y + 4*m + 74 = 0. Calculate the remainder when y is divided by f.
13
Let c(x) = -12*x + 99. Let v(o) = -o**3 + 16*o**2 + 17*o + 8. Let r be v(17). Calculate the remainder when 23 is divided by c(r).
2
Suppose -33 = -25*k + 24*k. What is the remainder when -7*(-2 + 6 - 32) is divided by k?
31
Let v(p) = p**3 + 15*p**2 - 33*p + 20. Let x be v(-17). Suppose -2*q - 9*z = -7*z - 22, -2*z = x*q - 32. Calculate the remainder when 55 is divided by q.
5
Let k = 348 + -115. Let r = k - 226. Calculate the remainder when 83 is divided by r.
6
Let b(z) = -2 + 7*z + 48 + 4*z. What is the remainder when 239 is divided by b(-2)?
23
Suppose -5*l - 3753 = -3883. Calculate the remainder when 99 is divided by l.
21
Let t be 65128/(-434) - 6/(-93). Let x = 156 + t. Calculate the remainder when 21 is divided by x.
3
Suppose 0 = -p + 2. Let b(c) = 7*c**3 - c**2 - c - 2. Suppose 61 - 38 = -j - 4*q, 3*j + q - 41 = 0. What is the remainder when b(p) is divided by j?
14
Suppose 255*s + 180 = 4*o + 259*s, -3*o + 2*s = -135. What is the remainder when o is divided by 20?
5
Let z(b) = -b**3 + 160*b**2 + 2*b + 376. What is the remainder when 1388 is divided by z(0)?
260
Let g = -572 - -577. Suppose 0 = -2*a + g*p + 48, -4*p = -2*a + 7*a - 87. What is the remainder when 207 is divided by a?
17
Let w be 996/(-16) - (-1)/4. Suppose -538*j - 536 = -530*j. Let v = w - j. Calculate the remainder when 8 is divided by v.
3
Suppose 2*l + 2*l = 376. Let z be 2*3*(-12)/(-24). Suppose 23 = z*b + 5*s, -4*s = -4*b + 7*b - 28. What is the remainder when l is divided by b?
14
Suppose -1653 = -24*p + 552 + 12867. What is the remainder when p is divided by (6 - 3) + 36 - 2?
36
Suppose -1075*t = -517*t - 536*t - 1496. Calculate the remainder when t is divided by 2.
0
Suppose 798 = 3*o - 2*q, 2*q - 140 = 4*o - 1206. Suppose -44*d + o = -42*d. What is the remainder when d is divided by 20?
14
Let m = -47 + 44. Let h be (m/(-9))/(1/9). Calculate the remainder when 10 is divided by h - (-4 + (4 - 0)).
1
Suppose 2624 = 28*t + 2148. Let l(o) = 4*o**2 + 4*o. What is the remainder when l(3) is divided by t?
14
What is the remainder when 625 is divided by ((-6)/(-39))/((-36)/(-10062))?
23
Suppose 2*q - a = -2*q + 23, 40 = 5*q - 5*a. What is the remainder when 349 is divided by (-7)/((-10)/(-30)*(-3)/q)?
34
Let i = -15530 + 15584. What is the remainder when 1071 is divided by i?
45
Suppose -5*x + 216 = -249. Let s = -920 - -925. Calculate the remainder when x is divided by s.
3
Suppose 1530*n = 1590*n - 458940. What is the remainder when n is divided by 247?
239
Calculate the remainder when 1843 is divided by 4/(-5) + (9672/65)/6.
19
Let j(v) = v**2 + 8*v + 10. Let q be j(-7). Let b(i) = 4*i**2 + 2. What is the remainder when ((-1347)/(-6) - -3)/2 - 96/128 is divided by b(q)?
37
Suppose -16*a - 154 = -5*a. Calculate the remainder when 2190*(-6)/(-81) - a/(-63) is divided by 76.
10
Let z(b) = -b**2 - 68*b - 860. What is the remainder when 96 is divided by z(-18)?
16
What is the remainder when 14*117/26 + -2 is divided by 42?
19
Let g(n) = 36*n + 372. Let i(a) = -7*a - 74. Let v(l) = 5*g(l) + 24*i(l). Calculate the remainder when 65 is divided by v(-6).
5
Let g(h) = 